Let c(h) = -j(h) + y(h). What is the units digit of c(4)?
8
What is the units digit of 1/7 + (-5474)/(-98)?
6
Let h be (-464)/(-10) + (-2)/5. Let l = -15 + h. What is the units digit of l?
1
Suppose -4*q + 90 = -18. What is the units digit of (-4)/18 + 87/q?
3
Let l(p) = -8*p**3 - p**2 - 4*p. What is the units digit of l(-3)?
9
Let n(x) be the third derivative of x**5/20 - x**4/24 - x**3/6 - 4*x**2. What is the units digit of n(4)?
3
Let i be (-3)/(-4) + (-7)/(-28). Suppose 0 = 2*p - 3*j - 7, -5*p + 5*j = i - 11. What is the units digit of 0 + -1 - -4 - p?
4
Suppose -l + 2*b - 6*b = -70, 0 = -4*l - 3*b + 306. What is the tens digit of l?
7
Suppose -p = -0*y + y - 17, -5*y + 20 = 0. Let j = -7 + p. What is the units digit of j?
6
Let x(g) = -15*g - 20. Let n be x(-8). Let d = 153 - n. What is the tens digit of d?
5
Let a be 51/2*4/6. Let f = a + -5. Suppose 2*b + 16 = z, -2*b + f = 2*z - b. What is the units digit of z?
8
Suppose 0*h + 124 = 3*y - 4*h, -y = h - 53. What is the tens digit of y?
4
Let f(o) = -7*o - 2. Let s(q) = q - 9. Let b be s(7). What is the units digit of f(b)?
2
What is the tens digit of ((-29)/5)/(5/(-25))?
2
Let w(h) = 4*h - 5. What is the units digit of w(3)?
7
Let g(k) = k + 11. Let m be g(-6). Suppose -3*v + 4*q + 55 = -q, -45 = -v - m*q. What is the units digit of v?
5
Let x(a) = a**2 + 5*a + 2. Let v be x(-5). What is the units digit of (v - 1)/((-3)/(-15))?
5
What is the tens digit of (-24)/(-84) - 206/(-14)?
1
Suppose 2*a = a - 3*l + 48, 2*l = 0. What is the tens digit of a?
4
Let f be 366/24 + 1/(-4). Let i be (-99)/15 - 6/f. What is the units digit of (-6)/i*7/1?
6
Suppose 2*y + 2*h - 7*h - 314 = 0, -h - 306 = -2*y. What is the hundreds digit of y?
1
Let k be ((-45)/(-3))/(6/(-4)). Let n(a) = -6*a**2 - 3*a - 3. Let v be n(-2). Let g = k - v. What is the tens digit of g?
1
Let x be 42/4*10/(-3). What is the units digit of 14/x - (-142)/5?
8
Let i = 76 - 21. What is the units digit of i?
5
Suppose -5*s - 5*h + 350 = 0, 4*h + 4 = -2*s + 134. What is the units digit of s?
5
Let w be 2/((-46)/(-22) + -2). Let h = w + -2. What is the tens digit of h?
2
What is the units digit of -3 - ((-36)/4 - -1)?
5
What is the tens digit of (11 - (-3 - -2)) + (2 - 2)?
1
Let l = -98 - 190. What is the tens digit of ((-2)/(-6))/((-6)/l)?
1
Suppose -33 = 3*n - 168. Suppose 0 = -d - 4*d - n. Let r = -3 - d. What is the units digit of r?
6
Suppose 0 = -5*g + 217 + 238. What is the units digit of g?
1
Let b = 79 + -52. What is the tens digit of b?
2
Let f(z) = -z + 4*z - 1 + 0*z + 0*z. Let b be f(1). Suppose -3*l - b*t + 11 = 0, 3*t = l - t + 1. What is the units digit of l?
3
Suppose 239 - 55 = 4*n - 4*q, 3*n - 5*q - 134 = 0. What is the units digit of n?
8
Let w(t) = -3*t**3 - t**2 - 3*t + 4. What is the units digit of w(-3)?
5
Suppose -2*l - l + 18 = 0. Suppose -8 - 4 = -3*c. Suppose -l*p + c*p + 1 = s, -4 = 4*p + 4*s. What is the units digit of p?
2
Suppose 2*a - 23 = 91. Suppose 5*i - 2*l - 65 = 0, 4*i + 5*l - 28 = a. Suppose -3*s + i = -0*s. What is the units digit of s?
5
Suppose 18*t - 57 = 17*t. What is the tens digit of t?
5
Suppose 0*w = 4*m + w - 1314, 5*w = 4*m - 1326. What is the hundreds digit of m?
3
Let i = -19 + 51. What is the units digit of i?
2
Let y = -2 - 9. Let d = 7 - y. What is the tens digit of d?
1
Suppose -3*m = 3*k - 114, m + m = k + 82. Let a = -21 + m. What is the units digit of a?
9
Let b(o) = -3*o - 3. Let n(j) = -3*j - 2. Let q(g) = 4*b(g) - 6*n(g). Let c be q(5). Suppose c = -h + 6*h. What is the units digit of h?
6
Let v be ((-6)/(-4) + -2)*-14. What is the units digit of (v/(-2))/((-2)/4)?
7
Let q(f) = -3*f + 84. What is the units digit of q(0)?
4
Let p be 4/(0 - -2) - 0. Suppose -5*k - d + 4*d = -180, -4*k = -d - 137. Suppose p*x - k = -x. What is the tens digit of x?
1
Let f(g) = -8*g - 2 - g**2 - 5*g - 6 - g. What is the units digit of f(-11)?
5
Let z(k) be the first derivative of k**3/3 - k**2/2 + 16*k + 3. What is the units digit of z(0)?
6
Suppose 1 + 3 = 2*x. Suppose -4 = -3*p + x. What is the units digit of p*(1 + (-33)/(-6))?
3
Suppose a - 5*m - 143 = 0, -4*a + m + 94 = -478. What is the tens digit of a?
4
Let g(a) = 7*a - 8. What is the units digit of g(15)?
7
Let a = 229 + -152. What is the units digit of a?
7
Let h(r) = -r. Let a be h(-4). What is the tens digit of 0/(-1 + a) - -15?
1
Let z(h) = -h**2 - 12*h - 12. What is the units digit of z(-6)?
4
Let x be (-4)/(-2) + (0 - 0). Let m be x + -1 + (0 - -2). Suppose -m*r + 4*r + 6 = -3*c, 5*r = 3*c + 60. What is the units digit of r?
9
What is the units digit of -2*3644/(-72) + 2/(-9)?
1
Let m = 84 + -53. What is the tens digit of m?
3
Let v(m) = m**3 + 7*m**2 + 6*m + 5. Let y be v(-6). Let j(n) = 7 + y + 1 - 4 + n. What is the units digit of j(-8)?
1
Let h = 2 + 0. Suppose -5*r + 54 = -h*r. What is the tens digit of r?
1
Let s(a) = -a**2 + 8*a - 1. Let n be s(4). Suppose -5*u = 5*c - n, -4*c + 3 = -4*u - 9. Let r(q) = q**3 - q**2 - 3*q + 2. What is the tens digit of r(c)?
1
Suppose 0 = z - v - 5, 3*v = -2*v. Let j = -53 + 55. Suppose -17 = -z*p + 2*o, 4*o + j = -p + 1. What is the units digit of p?
3
Let i(b) be the second derivative of -1/3*b**3 + b - b**2 + 0. What is the units digit of i(-5)?
8
Let o(v) = 17*v. What is the units digit of o(2)?
4
Suppose -o - 3 = -2*m, 2*m - 7 = o + 4*o. Suppose -15 = -5*x - 0. What is the units digit of (-12)/m*(-4)/x?
6
Let u be 5*3*(-2 - -1). Let t be (-4)/2*(u + 4). Let f = -16 + t. What is the units digit of f?
6
Let v = 3 + -3. Suppose 3*d - 3*c - 21 = v, -3*d + 3*c = 2*d - 39. What is the units digit of d?
9
Let h(m) = 7*m**2 + 2*m - 7. What is the units digit of h(-5)?
8
Suppose 2*t + 2*n + 19 = 255, -246 = -2*t - 4*n. What is the tens digit of t?
1
Suppose -2*n = -120 - 128. What is the tens digit of n?
2
Let h(m) = 9*m + 4. What is the units digit of h(5)?
9
Let t = 4 + -5. Suppose f = -3*g + 2*f - 1, -f - 5 = 0. What is the units digit of 3 + -4 + g/t?
1
Let g(h) = 41*h**2 - 2*h + 1. Let v be (0 + 1)/(-1 - -2). Let n be g(v). Suppose 4*o + n = x + 3*x, 3*x + 4*o - 23 = 0. What is the units digit of x?
9
Suppose -248 = -5*i + 92. What is the tens digit of i?
6
Let w = -10 - -9. Let x be (-2)/(w/(-2) + -1). Suppose -u - u + 3*m + 17 = 0, 5*u + 15 = -x*m. What is the units digit of u?
1
Let i = 5 - 11. Let z = 8 + i. Suppose 9 = 3*x - z*x. What is the units digit of x?
9
Let s(x) = x**3 - 3*x**2 + 4*x. Let u be s(3). Suppose 4*n - 4 = u. What is the units digit of n?
4
Suppose 2*h = -3*r + 10, -2*h - 12 + 2 = -2*r. Suppose 0 = -4*f + 2*z + 32, 9*z - r*z - 50 = -3*f. What is the units digit of f?
0
Let x(w) = -w**3 - 5*w**2 + 6*w + 5. Let v be x(-6). Let r(l) = -l**3 + 12*l**2 + 16*l + 8. Let p be r(13). What is the units digit of p/v + (-2)/5?
9
Let j(o) = -3 - 5 + 4 + o + 1. Let z(u) = -u**2 - 6*u - 3. Let v be z(-4). What is the units digit of j(v)?
2
Suppose -15*v = -24*v + 1944. What is the units digit of v?
6
Let m = 6 + -1. Let s(l) = -l**2 + 7*l + 7. What is the units digit of s(m)?
7
Let i = 703 - 382. What is the units digit of i?
1
Let d be (2 + -9)*60/(-7). What is the units digit of (d/14)/(5/35)?
0
Let a = 71 - 30. What is the units digit of a?
1
Let l(g) = g**2 + 2. Let z = -2 - -4. Let q be l(z). Suppose q = 4*o + 2. What is the units digit of o?
1
Let i(u) = 17*u**2 + 2*u**3 - 13*u**2 + 5 - 5*u - u**3. What is the units digit of i(-5)?
5
Let a(c) = -51*c - 4. What is the tens digit of a(-2)?
9
Suppose 0 = g - 6. Let n(w) = -w**2 + 8*w - 8. Let i be n(g). Suppose 2 = i*c - 18. What is the units digit of c?
5
Let n be 1/(3/(-3))*-2. Let q(o) = -4*o + 9*o + 0 - 2. What is the units digit of q(n)?
8
Suppose 244 + 399 = 5*r - 2*i, -3*i - 642 = -5*r. What is the tens digit of r?
2
Suppose -4*a + c + 9 = 0, 5*a - c + 2*c - 18 = 0. Suppose -8*d + 20 = -a*d. Suppose -t - d*m + 9 = -2*m, 0 = 4*t + 3*m - 16. What is the units digit of t?
1
Let z = -142 - -198. What is the units digit of z?
6
Let q(l) be the third derivative of l**5/20 - 3*l**4/4 - 4*l**3/3 - 8*l**2. What is the units digit of q(8)?
0
Suppose 20 = 4*f + 2*q + 8, -24 = -4*f + q. What is the units digit of 6/(-15) + 12/f?
2
Suppose 4*f - 106 = -2*r, -3*r + 33 + 110 = 2*f. What is the units digit of r?
5
Suppose -7 = -4*c - 